{"id":696,"date":"2018-07-06T15:16:17","date_gmt":"2018-07-06T13:16:17","guid":{"rendered":"http:\/\/www.avantiafertilidad.com\/blog\/?page_id=696"},"modified":"2024-05-02T09:48:32","modified_gmt":"2024-05-02T07:48:32","slug":"politica-de-calidad","status":"publish","type":"page","link":"http:\/\/www.avantiafertilidad.com\/blog\/politica-de-calidad\/","title":{"rendered":"Pol\u00edtica de calidad"},"content":{"rendered":"\n<p><strong>MISI\u00d3N Y VISI\u00d3N<\/strong><\/p>\n\n\n\n<p>En el <strong>Instituto Avantia de Fertilidad<\/strong> tenemos como misi\u00f3n principal la <strong>prestaci\u00f3n de servicios de Asistencia Reproductiva, Ginecolog\u00eda, Obstetricia, Urolog\u00eda y Androlog\u00eda (*).<\/strong><\/p>\n\n\n\n<p>Nuestra visi\u00f3n es ser el referente en Andaluc\u00eda de centro altamente especializado en reproducci\u00f3n asistida para lo cual hemos asumido los siguientes principios que consideramos b\u00e1sicos.&nbsp;<\/p>\n\n\n\n<p><strong>VALORES&nbsp;<\/strong><\/p>\n\n\n\n<p>Los principios b\u00e1sicos de <strong>Avantia<\/strong> son:<\/p>\n\n\n\n<ul><li><strong>Alta especializaci\u00f3n<\/strong>: Nos dedicamos exclusivamente a la reproducci\u00f3n asistida lo que nos permite alcanzar un alto grado de desarrollo cient\u00edfico y t\u00e9cnico.<\/li><li><strong>Atenci\u00f3n integral<\/strong>: Aplicamos todas las t\u00e9cnicas m\u00e9dicas y quir\u00fargicas (ablaci\u00f3n de miomas mediante radiofrecuencia, histeroscopia, biopsia testicular) disponibles para la resoluci\u00f3n de la dificultad reproductiva. Contamos con asesoramiento psicol\u00f3gico y legal para completar el tratamiento.<\/li><li><strong>Transparencia<\/strong>: Tenemos una pol\u00edtica de precio cerrado de tal manera que desde el principio del tratamiento el paciente conoce exactamente cu\u00e1l va a ser su coste.<\/li><li><strong>Trato individualizado y preferente<\/strong> Durante todo el proceso diagn\u00f3stico un equipo perfectamente coordinado proporcionar\u00e1 una informaci\u00f3n clara y sincera sobre el pron\u00f3stico reproductivo.<\/li><\/ul>\n\n\n\n<p><strong>POL\u00cdTICA DE CALIDAD<\/strong><\/p>\n\n\n\n<p>La Direcci\u00f3n de <strong>Avantia<\/strong> declara su prop\u00f3sito de conseguir la <strong>mayor satisfacci\u00f3n de sus pacientes<\/strong>, y su compromiso de desarrollar e implantar para ello un Sistema de Gesti\u00f3n de la Calidad de acuerdo a las Normas ISO 9001 y UNE 179007, <strong>mejorando su eficacia<\/strong> <strong>de forma continua<\/strong>.<\/p>\n\n\n\n<p>Para ello, la Direcci\u00f3n ha establecido su <strong>Pol\u00edtica de Calidad<\/strong> desplegada en las siguientes directrices:<\/p>\n\n\n\n<ul><li>Captar las necesidades de nuestros clientes y responder con agilidad, siempre conservando la calidad de nuestros servicios<\/li><li>Contar con personal altamente especializado en las distintas \u00e1reas de actuaci\u00f3n.&nbsp; Aglutinar las destrezas y competencias profesionales de nuestro equipo para mejora del rendimiento y la incorporaci\u00f3n de procesos y servicios innovadores.<\/li><li>Procurar un clima de colaboraci\u00f3n y compromiso entre el personal, favoreciendo un ambiente participativo entre el equipo y el reconocimiento individual y las sugerencias de mejora.<\/li><li><strong>Cumplir con los requisitos legales y reglamentarios<\/strong> que sean de aplicaci\u00f3n<\/li><\/ul>\n\n\n\n<p>Aprobada por&nbsp;<\/p>\n\n\n\n<p>En Granada, a 01 de abril de 2024<\/p>\n\n\n\n<p>(*) In Instituto Avantia de Fertilidad we have as main mission providing Assisted Reproduction Services, Gynecology, Urology and Andrology.<\/p>\n","protected":false},"excerpt":{"rendered":"<p>MISI\u00d3N Y VISI\u00d3N En el Instituto Avantia de Fertilidad tenemos como misi\u00f3n principal la prestaci\u00f3n de servicios de Asistencia Reproductiva, Ginecolog\u00eda, Obstetricia, Urolog\u00eda y Androlog\u00eda (*). Nuestra visi\u00f3n es ser el referente en Andaluc\u00eda de centro altamente especializado en reproducci\u00f3n asistida para lo cual hemos asumido los siguientes principios que consideramos b\u00e1sicos.&nbsp; VALORES&nbsp; Los principios [&hellip;]<\/p>\n","protected":false},"author":4,"featured_media":0,"parent":0,"menu_order":0,"comment_status":"closed","ping_status":"closed","template":"","meta":[],"_links":{"self":[{"href":"http:\/\/www.avantiafertilidad.com\/blog\/wp-json\/wp\/v2\/pages\/696"}],"collection":[{"href":"http:\/\/www.avantiafertilidad.com\/blog\/wp-json\/wp\/v2\/pages"}],"about":[{"href":"http:\/\/www.avantiafertilidad.com\/blog\/wp-json\/wp\/v2\/types\/page"}],"author":[{"embeddable":true,"href":"http:\/\/www.avantiafertilidad.com\/blog\/wp-json\/wp\/v2\/users\/4"}],"replies":[{"embeddable":true,"href":"http:\/\/www.avantiafertilidad.com\/blog\/wp-json\/wp\/v2\/comments?post=696"}],"version-history":[{"count":4,"href":"http:\/\/www.avantiafertilidad.com\/blog\/wp-json\/wp\/v2\/pages\/696\/revisions"}],"predecessor-version":[{"id":2179,"href":"http:\/\/www.avantiafertilidad.com\/blog\/wp-json\/wp\/v2\/pages\/696\/revisions\/2179"}],"wp:attachment":[{"href":"http:\/\/www.avantiafertilidad.com\/blog\/wp-json\/wp\/v2\/media?parent=696"}],"curies":[{"name":"wp","href":"https:\/\/api.w.org\/{rel}","templated":true}]}}